{"id":64,"date":"2025-08-19T09:42:37","date_gmt":"2025-08-19T12:42:37","guid":{"rendered":"https:\/\/amargana.com.br\/?page_id=64"},"modified":"2025-08-19T09:42:37","modified_gmt":"2025-08-19T12:42:37","slug":"politica-de-privacidade","status":"publish","type":"page","link":"https:\/\/amargana.com.br\/?page_id=64","title":{"rendered":"Pol\u00edtica de Privacidade"},"content":{"rendered":"\n<p>1.\u00a0Esta\u00a0Pol\u00edtica de Privacidade se refere aos dados pessoais que \u00a0AmarganA\u00a0poder\u00e1 obter quando seus Usu\u00e1rios utilizam dos servi\u00e7os prestados durante a navega\u00e7\u00e3o dentro de nosso ambiente virtual. Nesta Pol\u00edtica de Privacidade, ser\u00e1 descrita de que forma ser\u00e3o coletados e armazenados dados a respeito dos Usu\u00e1rios, assim como a forma pela qual tais dados poder\u00e3o ser utilizados e armazenados nos termos\u00a0da Lei 12.965\/2014 (\u201cMarco Civil da Internet\u201d), do Decreto 8.771\/2016 e da Lei n.\u00ba 13.709\/2018 (Lei Geral de Prote\u00e7\u00e3o de Dados).\u00a0 Ao aceitar a presente Pol\u00edtica de Privacidade \u00e9 declarado que todo seu conte\u00fado foi devidamente lido e aceito, tendo assim todas as cl\u00e1usulas devidamente validadas pelo Usu\u00e1rio para que atuem em pleno vigor. Ademais, deixa claro que esta Pol\u00edtica de Privacidade poder\u00e1 ser atualizada a qualquer tempo, a exclusivo crit\u00e9rio dos administradores do ambiente virtual aqui discutido. Por\u00e9m, deixa claro que toda e qualquer comunica\u00e7\u00e3o ser\u00e1 devidamente comunicada aos Usu\u00e1rios para nova aceita\u00e7\u00e3o de modo de que, caso continuem em utilizar os servi\u00e7os providenciados, estar\u00e3o automaticamente concordando com as altera\u00e7\u00f5es realizadas no corpo desta pol\u00edtica.\u00a0Obten\u00e7\u00e3o, Armazenamento e Cuidado dos dados pessoais coletados.<br>\u00a02.\u00a0Aceitando nossa pol\u00edtica de Privacidade, fica concedido, por livre e espont\u00e2nea vontade, permiss\u00e3o para a coleta e\u00a0armazenamento dos dados pessoas dos Usu\u00e1rios, que ser\u00e3o tratados da forma abaixo descrita: <br>\u2022 Poder\u00e3o ser coletados\u00a0informa\u00e7\u00f5es fornecidas no cadastro ao longo do uso dos Servi\u00e7os e durante a sua navega\u00e7\u00e3o em nossa plataforma. <br>\u2022 Eventuais dados de navega\u00e7\u00e3o ser\u00e3o utilizados para possibilitar o seu acesso e saber como entrar em contato com o Usu\u00e1rio quando for necess\u00e1rio. Al\u00e9m de utilizados para compreender seus interesses, como forma de garantir constante melhoria e evolu\u00e7\u00e3o dos servi\u00e7os providenciados.<br>\u2022 Os dados pessoais, poder\u00e3o ser armazenados\u00a0em outros pa\u00edses onde o(a)\u00a0AmarganA\u00a0ou suas afiliadas possuam presen\u00e7a. Caso tais jurisdi\u00e7\u00f5es possuam diferentes leis de prote\u00e7\u00e3o de dados, fica estabelecido o compromisso\u00a0de\u00a0armazenar e cuidar dos dados de acordo com tais leis e a presente Pol\u00edtica de Privacidade. <br>\u2022 Os Dados pessoais poder\u00e3o ser utilizados de forma an\u00f4nima para fins estat\u00edsticos e de controle e melhora dos nossos servi\u00e7os. <br>\u2022 Ser\u00e3o estabelecidas medidas de seguran\u00e7a razo\u00e1veis para proteger todos os dados pessoais providenciados. Entretanto, lembramos que n\u00e3o existe uma medida de seguran\u00e7a 100% eficaz. <br>\u2022 Eventualmente, todos os dados coletados pelo Usu\u00e1rio durante o uso dos servi\u00e7os prestados, poder\u00e3o ser exclu\u00eddos ao momento em que o Usu\u00e1rio desejar,\u00a0dito isso, somos obrigados a manter os registros de conex\u00e3o durante o prazo legal. <br>\u2022 Esta Pol\u00edtica de Privacidade se aplica a todos os websites detidos pelo\u00a0AmarganA\u00a0ou qualquer outra p\u00e1gina, m\u00eddia social, ferramenta, software ou conte\u00fado de sua propriedade.\u00a0<br>3.\u00a0O fato de usar o site e \/ ou servi\u00e7o disponibilizado confirma o consentimento inequ\u00edvoco e incondicional do Usu\u00e1rio com esta Pol\u00edtica, incluindo os termos de processamento de seus dados pessoais. Na aus\u00eancia de consentimento do usu\u00e1rio com esta pol\u00edtica e os termos de processamento de seus dados pessoais, o Usu\u00e1rio deve parar de usar o site e \/ ou o servi\u00e7o provid\u00eanciados, reservando \u00e0 administra\u00e7\u00e3o\u00a0o direito de impedir o acesso do referido Usu\u00e1rio.Armazenamento de Informa\u00e7\u00f5es\u00a0<br>4.\u00a0\u00c9 reconhecida a natureza sens\u00edvel e confidencial dos dados e demais informa\u00e7\u00f5es obtidas e armazenadas. Assim fica estabelecido o compromisso de\u00a0manter estas informa\u00e7\u00f5es de natureza confidencial em sigilo, sem utiliz\u00e1-las ou divulg\u00e1-las sem a autoriza\u00e7\u00e3o do Usu\u00e1rio, exceto nos termos previstos nos Termos de Uso e na Pol\u00edtica de Privacidade, bem como nos limites necess\u00e1rios para a execu\u00e7\u00e3o das obriga\u00e7\u00f5es contratuais e legais, assim como para a defesa dos interesses do\u00a0AmarganA\u00a0e dos Usu\u00e1rios.\u00a0Cuidado com as informa\u00e7\u00f5es e uso de Cookies\u00a0<br>5.\u00a0O Usu\u00e1rio concorda que o\u00a0AmarganA\u00a0poder\u00e1 coletar, registrar, organizar, acumular, armazenar, atualizar, extrair, usar, transferir, incluindo transfer\u00eancia para outros pa\u00edses onde possua parceiros e\/ou afiliadas, remover e destruir dados pessoais e outras informa\u00e7\u00f5es. <br>6.\u00a0Os atos descritos acima poder\u00e3o ser processados de forma manual e\/ou com o uso de automa\u00e7\u00e3o. O presente consentimento \u00e9 v\u00e1lido at\u00e9 a sua retirada das configura\u00e7\u00f5es do Usu\u00e1rio e\/ou at\u00e9 que seja solicitado pelo Usu\u00e1rio de forma direta. A solicita\u00e7\u00e3o pode ser enviada por escrito para o endere\u00e7o eletr\u00f4nico:\u00a0contato@AmarganA.com.br<br> 7.\u00a0Dentro dos limites da\u00a0legisla\u00e7\u00e3o aplic\u00e1vel, o AmarganA\u00a0tem o direito de transferir as informa\u00e7\u00f5es fornecidas pelo Usu\u00e1rio para terceiros. <br>8.\u00a0No tratamento de dados pessoais, ser\u00e3o tomadas\u00a0as medidas legais, t\u00e9cnicas e organizacionais necess\u00e1rias para proteger os dados pessoais contra o acesso n\u00e3o autorizado ou acidental, destrui\u00e7\u00e3o, modifica\u00e7\u00e3o, bloqueio, c\u00f3pia, disposi\u00e7\u00e3o, distribui\u00e7\u00e3o de dados pessoais, bem como outras a\u00e7\u00f5es ilegais em rela\u00e7\u00e3o a dados pessoais em cumprimento dos requisitos da legisla\u00e7\u00e3o brasileira e\/ou qualquer outra que venha a ser aplic\u00e1vel. O Usu\u00e1rio concorda que algumas das informa\u00e7\u00f5es, incluindo dados pessoais, ficam dispon\u00edveis publicamente ao usar determinados servi\u00e7os e \/ ou o site. <br>9.\u00a0AmarganA\u00a0faz uso de\u00a0cookies. Ao acessar nosso site, voc\u00ea concorda em usar cookies nos termos da nossa Pol\u00edtica de Cookies.\u00a0Salienta-se que algum dos nossos parceiros de site podem usar cookies.\u00a0Manuten\u00e7\u00e3o dos dados pelo Usu\u00e1rio<br>10.\u00a0O usu\u00e1rio tem o direito de requerer a exclus\u00e3o de seus dados pessoais coletados durante o uso do ambiente eletr\u00f4nico disponibilizado a qualquer momento, utilizando-se servi\u00e7o relevante disponibilizado pelo pr\u00f3prio ambiente, ou por meio de contato direto com a administra\u00e7\u00e3o por meio do endere\u00e7o eletr\u00f4nico disponibilizado acima.\u00a0Estes direitos podem ser restringidos da maneira prescrita pela legisla\u00e7\u00e3o brasileira.<br>11.\u00a0Caso o Usu\u00e1rio tenha ci\u00eancia de que seus dados pessoas tenham sido comprometidos, de forma que poder\u00e1 afetar seu acesso ao ambiente eletr\u00f4nico provid\u00eanciado, ele dever\u00e1 comunicar imediatamente a administra\u00e7\u00e3o para que sejam tomadas todas a medidas de seguran\u00e7a necess\u00e1rias.\u00a0<br>12.\u00a0\u00a0O Usu\u00e1rio \u00e9 o \u00fanico respons\u00e1vel por suas a\u00e7\u00f5es relacionadas ao uso do site e \/ ou servi\u00e7os disponibilizados, significando que, se tais a\u00e7\u00f5es resultarem em viola\u00e7\u00e3o dos direitos e interesses leg\u00edtimos de terceiros, bem como descumpre com a legisla\u00e7\u00e3o do Brasil, o Usu\u00e1rio concorda em indenizar os preju\u00edzos causados ao(\u00e0)\u00a0AmarganA\u00a0e \/ ou terceiros como resultado da n\u00e3o execu\u00e7\u00e3o ou m\u00e1 execu\u00e7\u00e3o das obriga\u00e7\u00f5es do Usu\u00e1rio sob esta Pol\u00edtica e \/ ou a legisla\u00e7\u00e3o.\u00a0Responsabilidades e Compet\u00eancias\u00a0<br>13.\u00a0O Usu\u00e1rio usa os Servi\u00e7os por sua conta e risco, sendo o \u00fanico\u00a0respons\u00e1vel por perdas incorridas como resultado do mal-uso pelo\u00a0do ambiente\u00a0e \/ ou dos servi\u00e7os da Empresa.\u00a0\u00a0<br>14.\u00a0AmarganA\u00a0coopera com as autoridades competentes e com terceiros para garantir o cumprimento das leis, salvaguardar a integridade e a seguran\u00e7a da Plataforma e de seus usu\u00e1rios, e impedir condutas que prejudiquem a integridade moral e a honra das pessoas f\u00edsicas ou jur\u00eddicas envolvidas.\u00a0<br>15.\u00a0As disposi\u00e7\u00f5es desta Pol\u00edtica s\u00e3o regidas pelas leis do Brasil. Se, por uma raz\u00e3o ou outra, uma ou mais disposi\u00e7\u00f5es desta Pol\u00edtica forem consideradas inv\u00e1lidas, isso n\u00e3o afeta as demais disposi\u00e7\u00f5es.\u00a0<br>16.\u00a0Para todas as quest\u00f5es o Usu\u00e1rio pode enviar um pedido para o endere\u00e7o da empresa para a seguinte conta:\u00a0contato@AmarganA.com.br.<\/p>\n","protected":false},"excerpt":{"rendered":"<p>1.\u00a0Esta\u00a0Pol\u00edtica de Privacidade se refere aos dados pessoais que \u00a0AmarganA\u00a0poder\u00e1 obter quando seus Usu\u00e1rios utilizam dos servi\u00e7os prestados durante a navega\u00e7\u00e3o dentro de nosso ambiente virtual. Nesta Pol\u00edtica de Privacidade, ser\u00e1 descrita de que forma ser\u00e3o coletados e armazenados dados a respeito dos Usu\u00e1rios, assim como a forma pela qual tais dados poder\u00e3o ser utilizados [&hellip;]<\/p>\n","protected":false},"author":1,"featured_media":0,"parent":0,"menu_order":0,"comment_status":"closed","ping_status":"closed","template":"","meta":{"footnotes":""},"class_list":["post-64","page","type-page","status-publish","hentry"],"_links":{"self":[{"href":"https:\/\/amargana.com.br\/index.php?rest_route=\/wp\/v2\/pages\/64","targetHints":{"allow":["GET"]}}],"collection":[{"href":"https:\/\/amargana.com.br\/index.php?rest_route=\/wp\/v2\/pages"}],"about":[{"href":"https:\/\/amargana.com.br\/index.php?rest_route=\/wp\/v2\/types\/page"}],"author":[{"embeddable":true,"href":"https:\/\/amargana.com.br\/index.php?rest_route=\/wp\/v2\/users\/1"}],"replies":[{"embeddable":true,"href":"https:\/\/amargana.com.br\/index.php?rest_route=%2Fwp%2Fv2%2Fcomments&post=64"}],"version-history":[{"count":1,"href":"https:\/\/amargana.com.br\/index.php?rest_route=\/wp\/v2\/pages\/64\/revisions"}],"predecessor-version":[{"id":66,"href":"https:\/\/amargana.com.br\/index.php?rest_route=\/wp\/v2\/pages\/64\/revisions\/66"}],"wp:attachment":[{"href":"https:\/\/amargana.com.br\/index.php?rest_route=%2Fwp%2Fv2%2Fmedia&parent=64"}],"curies":[{"name":"wp","href":"https:\/\/api.w.org\/{rel}","templated":true}]}}